{"id":422,"date":"2024-04-26T08:24:14","date_gmt":"2024-04-26T06:24:14","guid":{"rendered":"https:\/\/komon.22projects.sk\/?post_type=lokalita&#038;p=422"},"modified":"2024-05-21T16:01:07","modified_gmt":"2024-05-21T14:01:07","slug":"nalini-yoga-studio","status":"publish","type":"lokalita","link":"https:\/\/komsport.eu\/sk\/lokalita\/nalini-yoga-studio\/","title":{"rendered":"Nalini Yoga Studio"},"content":{"rendered":"<p>Nalini Yoga Studio v\u00edta milovn\u00edkov jogy v pokojnom a harmonickom prostred\u00ed, kde si n\u00e1v\u0161tevn\u00edci m\u00f4\u017eu v pokojnom prostred\u00ed zacvi\u010di\u0165 jogov\u00e9 \u00e1sany a dychov\u00e9 cvi\u010denia. Sk\u00fasen\u00ed lektori v \u0161t\u00fadiu pom\u00e1haj\u00fa vytv\u00e1ra\u0165 fyzick\u00fa a du\u0161evn\u00fa harm\u00f3niu.<\/p>\n","protected":false},"excerpt":{"rendered":"<p>Nalini Yoga Studio v\u00edta milovn\u00edkov jogy v pokojnom a harmonickom prostred\u00ed, kde si n\u00e1v\u0161tevn\u00edci m\u00f4\u017eu v pokojnom prostred\u00ed zacvi\u010di\u0165 jogov\u00e9 \u00e1sany a dychov\u00e9 cvi\u010denia. Sk\u00fasen\u00ed lektori v \u0161t\u00fadiu pom\u00e1haj\u00fa vytv\u00e1ra\u0165 fyzick\u00fa a du\u0161evn\u00fa harm\u00f3niu.<\/p>\n","protected":false},"featured_media":546,"template":"","tags":[25],"korcsoport":[],"sport":[92,8],"varos":[156],"class_list":["post-422","lokalita","type-lokalita","status-publish","has-post-thumbnail","hentry","tag-interier","sport-fitness","sport-joga","varos-komarom"],"acf":[],"_links":{"self":[{"href":"https:\/\/komsport.eu\/sk\/wp-json\/wp\/v2\/lokalita\/422","targetHints":{"allow":["GET"]}}],"collection":[{"href":"https:\/\/komsport.eu\/sk\/wp-json\/wp\/v2\/lokalita"}],"about":[{"href":"https:\/\/komsport.eu\/sk\/wp-json\/wp\/v2\/types\/lokalita"}],"wp:featuredmedia":[{"embeddable":true,"href":"https:\/\/komsport.eu\/sk\/wp-json\/wp\/v2\/media\/546"}],"wp:attachment":[{"href":"https:\/\/komsport.eu\/sk\/wp-json\/wp\/v2\/media?parent=422"}],"wp:term":[{"taxonomy":"post_tag","embeddable":true,"href":"https:\/\/komsport.eu\/sk\/wp-json\/wp\/v2\/tags?post=422"},{"taxonomy":"korcsoport","embeddable":true,"href":"https:\/\/komsport.eu\/sk\/wp-json\/wp\/v2\/korcsoport?post=422"},{"taxonomy":"sport","embeddable":true,"href":"https:\/\/komsport.eu\/sk\/wp-json\/wp\/v2\/sport?post=422"},{"taxonomy":"varos","embeddable":true,"href":"https:\/\/komsport.eu\/sk\/wp-json\/wp\/v2\/varos?post=422"}],"curies":[{"name":"wp","href":"https:\/\/api.w.org\/{rel}","templated":true}]}}

<p>Nalini Yoga Studio víta milovníkov jogy v pokojnom a harmonickom prostredí, kde si návštevníci môžu v pokojnom prostredí zacvičiť jogové ásany a dychové cvičenia. Skúsení lektori v štúdiu pomáhajú vytvárať fyzickú a duševnú harmóniu.</p>
