{"id":709,"date":"2024-05-14T09:03:30","date_gmt":"2024-05-14T07:03:30","guid":{"rendered":"https:\/\/komon.22projects.sk\/?post_type=lokalita&#038;p=709"},"modified":"2024-05-21T09:02:38","modified_gmt":"2024-05-21T07:02:38","slug":"pozicovna-clnov-a-vodnych-bicyklov-mrtve-rameno-vahu","status":"publish","type":"lokalita","link":"https:\/\/komsport.eu\/sk\/lokalita\/pozicovna-clnov-a-vodnych-bicyklov-mrtve-rameno-vahu\/","title":{"rendered":"Po\u017ei\u010dov\u0148a \u010dlnov a vodn\u00fdch bicyklov, M\u0155tve rameno V\u00e1hu"},"content":{"rendered":"\n<p>Po\u017ei\u010dov\u0148a vodn\u00fdch bicyklov pon\u00faka pre pohybuchtiv\u00fdch n\u00e1v\u0161tevn\u00edkov v letnom obdob\u00ed okrem \u010dlnov a vodn\u00fdch bicyklov aj v\u00fdpo\u017ei\u010dku paddleboardov (pl\u00e1vacia dosky), tandemov a bicyklov.<\/p>\n\n\n\n<h3 class=\"wp-block-heading\">V letnom obdob\u00ed po\u017ei\u010dov\u0148a o\u010dak\u00e1va svojich z\u00e1kazn\u00edkov:<\/h3>\n\n\n\n<p>Apr\u00edl, M\u00e1j:<br><strong>Pondelok \u2013 Piatok:<\/strong> ZATVOREN\u00c9<br><strong>Sobota \u2013 Nede\u013ea:<\/strong> 14:00 \u2013 19:00 (posledn\u00e1 v\u00fdpo\u017ei\u010dka je o 18:00 hod.)<br>V\u00fdpo\u017ei\u010dka mimo otv\u00e1rac\u00edch hod\u00edn pre v\u00e4\u010d\u0161ie skupiny po\u010das pracovn\u00fdch dn\u00ed je mo\u017en\u00e1 na z\u00e1klade telefonickej objedn\u00e1vky.<\/p>\n\n\n\n<p><strong>Viac inform\u00e1ci\u00ed z\u00edskate na telef\u00f3nnom \u010d\u00edsle:<br><\/strong>0904 154 325 \u2013 po\u010das otv\u00e1rac\u00edch hod\u00edn<br>0911 105 008 \u2013 v doobedn\u00fdch hodin\u00e1ch<\/p>\n","protected":false},"excerpt":{"rendered":"<p>Po\u017ei\u010dov\u0148a vodn\u00fdch bicyklov pon\u00faka pre pohybuchtiv\u00fdch n\u00e1v\u0161tevn\u00edkov v letnom obdob\u00ed okrem \u010dlnov a vodn\u00fdch bicyklov aj v\u00fdpo\u017ei\u010dku paddleboardov (pl\u00e1vacia dosky), tandemov a bicyklov. V letnom obdob\u00ed po\u017ei\u010dov\u0148a o\u010dak\u00e1va svojich z\u00e1kazn\u00edkov: Apr\u00edl, M\u00e1j:Pondelok \u2013 Piatok: ZATVOREN\u00c9Sobota \u2013 Nede\u013ea: 14:00 \u2013 19:00 (posledn\u00e1 v\u00fdpo\u017ei\u010dka je o 18:00 hod.)V\u00fdpo\u017ei\u010dka mimo otv\u00e1rac\u00edch hod\u00edn pre v\u00e4\u010d\u0161ie skupiny po\u010das pracovn\u00fdch dn\u00ed [&hellip;]<\/p>\n","protected":false},"featured_media":757,"template":"","tags":[26],"korcsoport":[186,187],"sport":[168,34],"varos":[157],"class_list":["post-709","lokalita","type-lokalita","status-publish","has-post-thumbnail","hentry","tag-exterier","korcsoport-deti","korcsoport-senior-sk","sport-clnkovanie-vodne-bicykle","sport-vodny-motorizmus","varos-komarno"],"acf":[],"_links":{"self":[{"href":"https:\/\/komsport.eu\/sk\/wp-json\/wp\/v2\/lokalita\/709","targetHints":{"allow":["GET"]}}],"collection":[{"href":"https:\/\/komsport.eu\/sk\/wp-json\/wp\/v2\/lokalita"}],"about":[{"href":"https:\/\/komsport.eu\/sk\/wp-json\/wp\/v2\/types\/lokalita"}],"wp:featuredmedia":[{"embeddable":true,"href":"https:\/\/komsport.eu\/sk\/wp-json\/wp\/v2\/media\/757"}],"wp:attachment":[{"href":"https:\/\/komsport.eu\/sk\/wp-json\/wp\/v2\/media?parent=709"}],"wp:term":[{"taxonomy":"post_tag","embeddable":true,"href":"https:\/\/komsport.eu\/sk\/wp-json\/wp\/v2\/tags?post=709"},{"taxonomy":"korcsoport","embeddable":true,"href":"https:\/\/komsport.eu\/sk\/wp-json\/wp\/v2\/korcsoport?post=709"},{"taxonomy":"sport","embeddable":true,"href":"https:\/\/komsport.eu\/sk\/wp-json\/wp\/v2\/sport?post=709"},{"taxonomy":"varos","embeddable":true,"href":"https:\/\/komsport.eu\/sk\/wp-json\/wp\/v2\/varos?post=709"}],"curies":[{"name":"wp","href":"https:\/\/api.w.org\/{rel}","templated":true}]}}

Požičovňa člnov a vodných bicyklov, Mŕtve rameno Váhu

<p>Požičovňa vodných bicyklov ponúka pre pohybuchtivých návštevníkov v letnom období okrem člnov a vodných bicyklov aj výpožičku paddleboardov (plávacia dosky), tandemov a bicyklov.</p>



<h3 class="wp-block-heading">V letnom období požičovňa očakáva svojich zákazníkov:</h3>



<p>Apríl, Máj:<br><strong>Pondelok – Piatok:</strong> ZATVORENÉ<br><strong>Sobota – Nedeľa:</strong> 14:00 – 19:00 (posledná výpožička je o 18:00 hod.)<br>Výpožička mimo otváracích hodín pre väčšie skupiny počas pracovných dní je možná na základe telefonickej objednávky.</p>



<p><strong>Viac informácií získate na telefónnom čísle:<br></strong>0904 154 325 – počas otváracích hodín<br>0911 105 008 – v doobedných hodinách</p>

<p>Požičovňa vodných bicyklov ponúka pre pohybuchtivých návštevníkov v letnom období okrem člnov a vodných bicyklov aj výpožičku paddleboardov (plávacia dosky), tandemov a bicyklov. V letnom období požičovňa očakáva svojich zákazníkov: Apríl, Máj:Pondelok – Piatok: ZATVORENÉSobota – Nedeľa: 14:00 – 19:00 (posledná výpožička je o 18:00 hod.)Výpožička mimo otváracích hodín pre väčšie skupiny počas pracovných dní [&hellip;]</p>
