{"id":1437,"date":"2026-09-01T16:21:39","date_gmt":"2026-09-01T14:21:39","guid":{"rendered":"https:\/\/komsport.eu\/?post_type=sportklub&#038;p=1437"},"modified":"2026-09-01T16:21:40","modified_gmt":"2026-09-01T14:21:40","slug":"tanecna-skola-redance","status":"publish","type":"sportklub","link":"https:\/\/komsport.eu\/sk\/sportklub\/tanecna-skola-redance\/","title":{"rendered":"Tane\u010dn\u00e1 \u0161kola ReDance"},"content":{"rendered":"\n<p class=\"wp-block-paragraph\">Tane\u010dn\u00e1 \u0161kola p\u00f4sob\u00ed v Kom\u00e1rne u\u017e takmer desa\u0165 rokov. Tane\u010dn\u00e9 kurzy pon\u00faka de\u0165om od pred\u0161kolsk\u00e9ho veku a\u017e po dospel\u00fdch, a to na rekrea\u010dnej aj s\u00fa\u0165a\u017enej \u00farovni.<\/p>\n\n\n\n<p class=\"wp-block-paragraph\">V ponuke sa nach\u00e1dza <strong>MiniDance pre pred\u0161kol\u00e1kov<\/strong>, <strong>hip-hop a latinskoamerick\u00e9 tance pre \u0161kol\u00e1kov<\/strong>, ako aj program <strong>Latino pre \u017eeny<\/strong>.<\/p>\n\n\n\n<p class=\"wp-block-paragraph\">Po\u010das rokov sa \u0161kole podarilo privies\u0165 k tancu mno\u017estvo det\u00ed aj dospel\u00fdch a jej tane\u010dn\u00edci sa pravidelne z\u00fa\u010dast\u0148uj\u00fa aj s\u00fa\u0165a\u017e\u00ed v tane\u010dnom \u0161porte.<\/p>\n\n\n\n<p class=\"wp-block-paragraph\">Kontaktn\u00e1 osoba: Vivien Benk\u0151, ved\u00faca tane\u010dnej \u0161koly<\/p>\n","protected":false},"excerpt":{"rendered":"<p>Tane\u010dn\u00e1 \u0161kola p\u00f4sob\u00ed v Kom\u00e1rne u\u017e takmer desa\u0165 rokov. Tane\u010dn\u00e9 kurzy pon\u00faka de\u0165om od pred\u0161kolsk\u00e9ho veku a\u017e po dospel\u00fdch, a to na rekrea\u010dnej aj s\u00fa\u0165a\u017enej \u00farovni. V ponuke sa nach\u00e1dza MiniDance pre pred\u0161kol\u00e1kov, hip-hop a latinskoamerick\u00e9 tance pre \u0161kol\u00e1kov, ako aj program Latino pre \u017eeny. Po\u010das rokov sa \u0161kole podarilo privies\u0165 k tancu mno\u017estvo det\u00ed [&hellip;]<\/p>\n","protected":false},"featured_media":1438,"template":"","tags":[25],"korcsoport":[],"sport":[207],"varos":[157],"class_list":["post-1437","sportklub","type-sportklub","status-publish","has-post-thumbnail","hentry","tag-interier","sport-tanec","varos-komarno"],"acf":[],"_links":{"self":[{"href":"https:\/\/komsport.eu\/sk\/wp-json\/wp\/v2\/sportklub\/1437","targetHints":{"allow":["GET"]}}],"collection":[{"href":"https:\/\/komsport.eu\/sk\/wp-json\/wp\/v2\/sportklub"}],"about":[{"href":"https:\/\/komsport.eu\/sk\/wp-json\/wp\/v2\/types\/sportklub"}],"wp:featuredmedia":[{"embeddable":true,"href":"https:\/\/komsport.eu\/sk\/wp-json\/wp\/v2\/media\/1438"}],"wp:attachment":[{"href":"https:\/\/komsport.eu\/sk\/wp-json\/wp\/v2\/media?parent=1437"}],"wp:term":[{"taxonomy":"post_tag","embeddable":true,"href":"https:\/\/komsport.eu\/sk\/wp-json\/wp\/v2\/tags?post=1437"},{"taxonomy":"korcsoport","embeddable":true,"href":"https:\/\/komsport.eu\/sk\/wp-json\/wp\/v2\/korcsoport?post=1437"},{"taxonomy":"sport","embeddable":true,"href":"https:\/\/komsport.eu\/sk\/wp-json\/wp\/v2\/sport?post=1437"},{"taxonomy":"varos","embeddable":true,"href":"https:\/\/komsport.eu\/sk\/wp-json\/wp\/v2\/varos?post=1437"}],"curies":[{"name":"wp","href":"https:\/\/api.w.org\/{rel}","templated":true}]}}

Tanečná škola ReDance

<p class="wp-block-paragraph">Tanečná škola pôsobí v Komárne už takmer desať rokov. Tanečné kurzy ponúka deťom od predškolského veku až po dospelých, a to na rekreačnej aj súťažnej úrovni.</p>



<p class="wp-block-paragraph">V ponuke sa nachádza <strong>MiniDance pre predškolákov</strong>, <strong>hip-hop a latinskoamerické tance pre školákov</strong>, ako aj program <strong>Latino pre ženy</strong>.</p>



<p class="wp-block-paragraph">Počas rokov sa škole podarilo priviesť k tancu množstvo detí aj dospelých a jej tanečníci sa pravidelne zúčastňujú aj súťaží v tanečnom športe.</p>



<p class="wp-block-paragraph">Kontaktná osoba: Vivien Benkő, vedúca tanečnej školy</p>

<p>Tanečná škola pôsobí v Komárne už takmer desať rokov. Tanečné kurzy ponúka deťom od predškolského veku až po dospelých, a to na rekreačnej aj súťažnej úrovni. V ponuke sa nachádza MiniDance pre predškolákov, hip-hop a latinskoamerické tance pre školákov, ako aj program Latino pre ženy. Počas rokov sa škole podarilo priviesť k tancu množstvo detí [&hellip;]</p>
