{"id":1448,"date":"2026-09-02T14:44:07","date_gmt":"2026-09-02T12:44:07","guid":{"rendered":"https:\/\/komsport.eu\/?post_type=sportklub&#038;p=1448"},"modified":"2026-09-02T14:44:09","modified_gmt":"2026-09-02T12:44:09","slug":"judo-academy-komarno","status":"publish","type":"sportklub","link":"https:\/\/komsport.eu\/sk\/sportklub\/judo-academy-komarno\/","title":{"rendered":"JUDO Academy Kom\u00e1rno"},"content":{"rendered":"\n<p class=\"wp-block-paragraph\">Klub m\u00e1 <strong>50-ro\u010dn\u00e9 sk\u00fasenosti s v\u00fdu\u010dbou d\u017euda a v\u00fdchovou ml\u00e1de\u017ee<\/strong> a patr\u00ed medzi \u00faspe\u0161n\u00e9 d\u017eudistick\u00e9 kluby na Slovensku. Tr\u00e9ningy s\u00fa ur\u010den\u00e9 pre za\u010diato\u010dn\u00edkov aj sk\u00fasenej\u0161\u00edch \u0161portovcov a ved\u00fa ich kvalifikovan\u00ed a sk\u00fasen\u00ed tr\u00e9neri.<\/p>\n\n\n\n<p class=\"wp-block-paragraph\">D\u017eudo rozv\u00edja kond\u00edciu, koordin\u00e1ciu a reflexy a z\u00e1rove\u0148 u\u010d\u00ed sebadiscipl\u00edne, vytrvalosti a re\u0161pektu. \u010clenovia klubu sa z\u00fa\u010dast\u0148uj\u00fa s\u00fa\u0165a\u017e\u00ed, medzin\u00e1rodn\u00fdch tr\u00e9ningov\u00fdch t\u00e1borov a spolo\u010dn\u00fdch tr\u00e9ningov, po\u010das ktor\u00fdch maj\u00fa mo\u017enos\u0165 stretn\u00fa\u0165 sa aj s olympionikmi.<\/p>\n\n\n\n<p class=\"wp-block-paragraph\"><strong>Tr\u00e9ningy:<\/strong> utorok a \u0161tvrtok od 16:30.<\/p>\n\n\n\n<p class=\"wp-block-paragraph\"><strong>Tr\u00e9neri: <\/strong>Attila Decsi &#8211; +421 915 700 015, Tibor Dobai &#8211; +421 907 770 517  <\/p>\n","protected":false},"excerpt":{"rendered":"<p>Klub m\u00e1 50-ro\u010dn\u00e9 sk\u00fasenosti s v\u00fdu\u010dbou d\u017euda a v\u00fdchovou ml\u00e1de\u017ee a patr\u00ed medzi \u00faspe\u0161n\u00e9 d\u017eudistick\u00e9 kluby na Slovensku. Tr\u00e9ningy s\u00fa ur\u010den\u00e9 pre za\u010diato\u010dn\u00edkov aj sk\u00fasenej\u0161\u00edch \u0161portovcov a ved\u00fa ich kvalifikovan\u00ed a sk\u00fasen\u00ed tr\u00e9neri. D\u017eudo rozv\u00edja kond\u00edciu, koordin\u00e1ciu a reflexy a z\u00e1rove\u0148 u\u010d\u00ed sebadiscipl\u00edne, vytrvalosti a re\u0161pektu. \u010clenovia klubu sa z\u00fa\u010dast\u0148uj\u00fa s\u00fa\u0165a\u017e\u00ed, medzin\u00e1rodn\u00fdch tr\u00e9ningov\u00fdch t\u00e1borov a [&hellip;]<\/p>\n","protected":false},"featured_media":1449,"template":"","tags":[25],"korcsoport":[186],"sport":[205],"varos":[157],"class_list":["post-1448","sportklub","type-sportklub","status-publish","has-post-thumbnail","hentry","tag-interier","korcsoport-deti","sport-judo","varos-komarno"],"acf":[],"_links":{"self":[{"href":"https:\/\/komsport.eu\/sk\/wp-json\/wp\/v2\/sportklub\/1448","targetHints":{"allow":["GET"]}}],"collection":[{"href":"https:\/\/komsport.eu\/sk\/wp-json\/wp\/v2\/sportklub"}],"about":[{"href":"https:\/\/komsport.eu\/sk\/wp-json\/wp\/v2\/types\/sportklub"}],"wp:featuredmedia":[{"embeddable":true,"href":"https:\/\/komsport.eu\/sk\/wp-json\/wp\/v2\/media\/1449"}],"wp:attachment":[{"href":"https:\/\/komsport.eu\/sk\/wp-json\/wp\/v2\/media?parent=1448"}],"wp:term":[{"taxonomy":"post_tag","embeddable":true,"href":"https:\/\/komsport.eu\/sk\/wp-json\/wp\/v2\/tags?post=1448"},{"taxonomy":"korcsoport","embeddable":true,"href":"https:\/\/komsport.eu\/sk\/wp-json\/wp\/v2\/korcsoport?post=1448"},{"taxonomy":"sport","embeddable":true,"href":"https:\/\/komsport.eu\/sk\/wp-json\/wp\/v2\/sport?post=1448"},{"taxonomy":"varos","embeddable":true,"href":"https:\/\/komsport.eu\/sk\/wp-json\/wp\/v2\/varos?post=1448"}],"curies":[{"name":"wp","href":"https:\/\/api.w.org\/{rel}","templated":true}]}}

JUDO Academy Komárno

<p class="wp-block-paragraph">Klub má <strong>50-ročné skúsenosti s výučbou džuda a výchovou mládeže</strong> a patrí medzi úspešné džudistické kluby na Slovensku. Tréningy sú určené pre začiatočníkov aj skúsenejších športovcov a vedú ich kvalifikovaní a skúsení tréneri.</p>



<p class="wp-block-paragraph">Džudo rozvíja kondíciu, koordináciu a reflexy a zároveň učí sebadisciplíne, vytrvalosti a rešpektu. Členovia klubu sa zúčastňujú súťaží, medzinárodných tréningových táborov a spoločných tréningov, počas ktorých majú možnosť stretnúť sa aj s olympionikmi.</p>



<p class="wp-block-paragraph"><strong>Tréningy:</strong> utorok a štvrtok od 16:30.</p>



<p class="wp-block-paragraph"><strong>Tréneri: </strong>Attila Decsi &#8211; +421 915 700 015, Tibor Dobai &#8211; +421 907 770 517  </p>

<p>Klub má 50-ročné skúsenosti s výučbou džuda a výchovou mládeže a patrí medzi úspešné džudistické kluby na Slovensku. Tréningy sú určené pre začiatočníkov aj skúsenejších športovcov a vedú ich kvalifikovaní a skúsení tréneri. Džudo rozvíja kondíciu, koordináciu a reflexy a zároveň učí sebadisciplíne, vytrvalosti a rešpektu. Členovia klubu sa zúčastňujú súťaží, medzinárodných tréningových táborov a [&hellip;]</p>
