{"id":155,"date":"2024-04-16T17:02:24","date_gmt":"2024-04-16T15:02:24","guid":{"rendered":"https:\/\/komon.22projects.sk\/?post_type=sportklub&#038;p=155"},"modified":"2024-05-26T22:02:00","modified_gmt":"2024-05-26T20:02:00","slug":"zdruzenia-cyklistickeho-sportu-brigetio","status":"publish","type":"sportklub","link":"https:\/\/komsport.eu\/sk\/sportklub\/zdruzenia-cyklistickeho-sportu-brigetio\/","title":{"rendered":"Zdru\u017eenia cyklistick\u00e9ho \u0161portu Brigetio"},"content":{"rendered":"<p>Na ustanovuj\u00facom valnom zhroma\u017eden\u00ed Zdru\u017eenia cyklistick\u00e9ho \u0161portu Brigetio v roku 2013 si dal za cie\u013e predstavi\u0165, spopularizova\u0165 a t\u00fdm spopularizova\u0165 cyklistiku ako \u0161port, \u017eivotn\u00fd \u0161t\u00fdl a sp\u00f4sob \u017eivota. Hlavn\u00fdm cie\u013eom n\u00e1\u0161ho zdru\u017eenia je okrem populariz\u00e1cie pravideln\u00e9ho pohybu a pomoci obyvate\u013estvu pri rekrea\u010dnom \u0161portovan\u00ed organizovanie a vedenie cyklot\u00far, t\u00e1borov a s\u00fa\u0165a\u017e\u00ed, ako aj zabezpe\u010dovanie \u00fa\u010dasti na organizovan\u00fdch s\u00fa\u0165a\u017eiach a z\u00e1jazdoch pre svojich \u010dlenov.<\/p>\n<p>Okrem propag\u00e1cie telesnej pr\u00edpravy sa pravidelne organizuj\u00fa aj cyklistick\u00e9 v\u00fdlety, kempy a s\u00fa\u0165a\u017ee. Po\u010das troch rokov svojej existencie s\u00fa\u0165a\u017eili aj v Ma\u010farsku, na Slovensku, v Chorv\u00e1tsku a Rak\u00fasku.<\/p>\n<p>Kontaktn\u00e1 osoba je Zolt\u00e1n Gregor (predseda).<\/p>\n","protected":false},"excerpt":{"rendered":"<p>Na ustanovuj\u00facom valnom zhroma\u017eden\u00ed Zdru\u017eenia cyklistick\u00e9ho \u0161portu Brigetio v roku 2013 si dal za cie\u013e predstavi\u0165, spopularizova\u0165 a t\u00fdm spopularizova\u0165 cyklistiku ako \u0161port, \u017eivotn\u00fd \u0161t\u00fdl a sp\u00f4sob \u017eivota. Hlavn\u00fdm cie\u013eom n\u00e1\u0161ho zdru\u017eenia je okrem populariz\u00e1cie pravideln\u00e9ho pohybu a pomoci obyvate\u013estvu pri rekrea\u010dnom \u0161portovan\u00ed organizovanie a vedenie cyklot\u00far, t\u00e1borov a s\u00fa\u0165a\u017e\u00ed, ako aj zabezpe\u010dovanie \u00fa\u010dasti na [&hellip;]<\/p>\n","protected":false},"featured_media":156,"template":"","tags":[26],"korcsoport":[186],"sport":[29],"varos":[156],"class_list":["post-155","sportklub","type-sportklub","status-publish","has-post-thumbnail","hentry","tag-exterier","korcsoport-deti","sport-cyklistika","varos-komarom"],"acf":[],"_links":{"self":[{"href":"https:\/\/komsport.eu\/sk\/wp-json\/wp\/v2\/sportklub\/155","targetHints":{"allow":["GET"]}}],"collection":[{"href":"https:\/\/komsport.eu\/sk\/wp-json\/wp\/v2\/sportklub"}],"about":[{"href":"https:\/\/komsport.eu\/sk\/wp-json\/wp\/v2\/types\/sportklub"}],"wp:featuredmedia":[{"embeddable":true,"href":"https:\/\/komsport.eu\/sk\/wp-json\/wp\/v2\/media\/156"}],"wp:attachment":[{"href":"https:\/\/komsport.eu\/sk\/wp-json\/wp\/v2\/media?parent=155"}],"wp:term":[{"taxonomy":"post_tag","embeddable":true,"href":"https:\/\/komsport.eu\/sk\/wp-json\/wp\/v2\/tags?post=155"},{"taxonomy":"korcsoport","embeddable":true,"href":"https:\/\/komsport.eu\/sk\/wp-json\/wp\/v2\/korcsoport?post=155"},{"taxonomy":"sport","embeddable":true,"href":"https:\/\/komsport.eu\/sk\/wp-json\/wp\/v2\/sport?post=155"},{"taxonomy":"varos","embeddable":true,"href":"https:\/\/komsport.eu\/sk\/wp-json\/wp\/v2\/varos?post=155"}],"curies":[{"name":"wp","href":"https:\/\/api.w.org\/{rel}","templated":true}]}}

Združenia cyklistického športu Brigetio

<p>Na ustanovujúcom valnom zhromaždení Združenia cyklistického športu Brigetio v roku 2013 si dal za cieľ predstaviť, spopularizovať a tým spopularizovať cyklistiku ako šport, životný štýl a spôsob života. Hlavným cieľom nášho združenia je okrem popularizácie pravidelného pohybu a pomoci obyvateľstvu pri rekreačnom športovaní organizovanie a vedenie cyklotúr, táborov a súťaží, ako aj zabezpečovanie účasti na organizovaných súťažiach a zájazdoch pre svojich členov.</p>
<p>Okrem propagácie telesnej prípravy sa pravidelne organizujú aj cyklistické výlety, kempy a súťaže. Počas troch rokov svojej existencie súťažili aj v Maďarsku, na Slovensku, v Chorvátsku a Rakúsku.</p>
<p>Kontaktná osoba je Zoltán Gregor (predseda).</p>

<p>Na ustanovujúcom valnom zhromaždení Združenia cyklistického športu Brigetio v roku 2013 si dal za cieľ predstaviť, spopularizovať a tým spopularizovať cyklistiku ako šport, životný štýl a spôsob života. Hlavným cieľom nášho združenia je okrem popularizácie pravidelného pohybu a pomoci obyvateľstvu pri rekreačnom športovaní organizovanie a vedenie cyklotúr, táborov a súťaží, ako aj zabezpečovanie účasti na [&hellip;]</p>
