{"id":67,"date":"2024-03-21T09:44:52","date_gmt":"2024-03-21T08:44:52","guid":{"rendered":"https:\/\/komon.22projects.sk\/?post_type=sportklub&#038;p=67"},"modified":"2024-05-26T23:24:01","modified_gmt":"2024-05-26T21:24:01","slug":"slovenska-federacia-kempo-komarno","status":"publish","type":"sportklub","link":"https:\/\/komsport.eu\/sk\/sportklub\/slovenska-federacia-kempo-komarno\/","title":{"rendered":"Slovensk\u00e1 feder\u00e1cia KEMPO Kom\u00e1rno"},"content":{"rendered":"<p>Po\u010det \u010dlenov v klube je  137 , z toho registrovan\u00fdch \u0161portovcov vo v\u0161etk\u00fdch ml\u00e1de\u017en\u00edckych kateg\u00f3ri\u00e1ch je 92. Slovensk\u00e1 feder\u00e1cia KEMPO organizuje kurzy bojov\u00e9ho umenia a kurzy sebaobrany. Tr\u00e9ningov sa z\u00fa\u010dast\u0148uj\u00fa deti i dospel\u00ed, mu\u017ei aj \u017eeny, dokonca cel\u00e9 rodiny.<br \/>\nKontaktn\u00e1 osoba: R\u00f3bert Szayka \u2013 predseda klubu<\/p>\n","protected":false},"excerpt":{"rendered":"<p>Po\u010det \u010dlenov v klube je 137 , z toho registrovan\u00fdch \u0161portovcov vo v\u0161etk\u00fdch ml\u00e1de\u017en\u00edckych kateg\u00f3ri\u00e1ch je 92. Slovensk\u00e1 feder\u00e1cia KEMPO organizuje kurzy bojov\u00e9ho umenia a kurzy sebaobrany. Tr\u00e9ningov sa z\u00fa\u010dast\u0148uj\u00fa deti i dospel\u00ed, mu\u017ei aj \u017eeny, dokonca cel\u00e9 rodiny. Kontaktn\u00e1 osoba: R\u00f3bert Szayka \u2013 predseda klubu<\/p>\n","protected":false},"featured_media":68,"template":"","tags":[26,25],"korcsoport":[186],"sport":[42,23,20],"varos":[157],"class_list":["post-67","sportklub","type-sportklub","status-publish","has-post-thumbnail","hentry","tag-exterier","tag-interier","korcsoport-deti","sport-bojove-umenie","sport-kempo","sport-mma","varos-komarno"],"acf":[],"_links":{"self":[{"href":"https:\/\/komsport.eu\/sk\/wp-json\/wp\/v2\/sportklub\/67","targetHints":{"allow":["GET"]}}],"collection":[{"href":"https:\/\/komsport.eu\/sk\/wp-json\/wp\/v2\/sportklub"}],"about":[{"href":"https:\/\/komsport.eu\/sk\/wp-json\/wp\/v2\/types\/sportklub"}],"wp:featuredmedia":[{"embeddable":true,"href":"https:\/\/komsport.eu\/sk\/wp-json\/wp\/v2\/media\/68"}],"wp:attachment":[{"href":"https:\/\/komsport.eu\/sk\/wp-json\/wp\/v2\/media?parent=67"}],"wp:term":[{"taxonomy":"post_tag","embeddable":true,"href":"https:\/\/komsport.eu\/sk\/wp-json\/wp\/v2\/tags?post=67"},{"taxonomy":"korcsoport","embeddable":true,"href":"https:\/\/komsport.eu\/sk\/wp-json\/wp\/v2\/korcsoport?post=67"},{"taxonomy":"sport","embeddable":true,"href":"https:\/\/komsport.eu\/sk\/wp-json\/wp\/v2\/sport?post=67"},{"taxonomy":"varos","embeddable":true,"href":"https:\/\/komsport.eu\/sk\/wp-json\/wp\/v2\/varos?post=67"}],"curies":[{"name":"wp","href":"https:\/\/api.w.org\/{rel}","templated":true}]}}

Slovenská federácia KEMPO Komárno

<p>Počet členov v klube je  137 , z toho registrovaných športovcov vo všetkých mládežníckych kategóriách je 92. Slovenská federácia KEMPO organizuje kurzy bojového umenia a kurzy sebaobrany. Tréningov sa zúčastňujú deti i dospelí, muži aj ženy, dokonca celé rodiny.<br />
Kontaktná osoba: Róbert Szayka – predseda klubu</p>

<p>Počet členov v klube je 137 , z toho registrovaných športovcov vo všetkých mládežníckych kategóriách je 92. Slovenská federácia KEMPO organizuje kurzy bojového umenia a kurzy sebaobrany. Tréningov sa zúčastňujú deti i dospelí, muži aj ženy, dokonca celé rodiny. Kontaktná osoba: Róbert Szayka – predseda klubu</p>
